hat are the prime factors of g(l)?
11
Suppose 7*a + 24928 = -9*a. Let i = -1078 - a. List the prime factors of i.
2, 3, 5
Let u(q) = -q**3 + 27*q**2 + 7*q - 44. Suppose 271*p = 276*p - 120. List the prime factors of u(p).
2, 463
Let l be 12/14*(-4088)/(-219). Suppose -15530 = -l*s + 10310. What are the prime factors of s?
5, 17, 19
Let n(g) = -11*g**2 - 26*g - 278. Let x(h) = -10*h**2 - 24*h - 277. Let l(p) = 6*n(p) - 7*x(p). What are the prime factors of l(-16)?
1103
Suppose -4*o = 2*b - 14976, 44*o + 7453 = b + 39*o. List the prime factors of b.
2, 3739
Let c(i) = i**3 + 5*i**2 + 2*i - 7. Let n be c(-3). Suppose 5*z = 3*o + 282, 0 = n*z + 2*o - o - 286. List the prime factors of z.
3, 19
Suppose -7*g + 0*g = 7. Let a be 416/6*(g + 4). Suppose 46*b + a = 48*b. What are the prime factors of b?
2, 13
Let i(t) = -10*t**2 - 6*t - 65. Let v be i(9). Let g = v - -1564. What are the prime factors of g?
5, 127
Let k(v) = -7*v - 3. Let u(g) = g. Let x(i) = k(i) - 6*u(i). Let f be x(-5). Let s = f - 54. List the prime factors of s.
2
Let g = 20952 - 11479. List the prime factors of g.
9473
Let g(a) = a**3 - 7*a**2 - 9*a + 34. Let w be g(8). Suppose 29*s = w*s + 171. List the prime factors of s.
3, 19
Suppose 5*y = -4*h + 27436, 4*h - 28459 + 1023 = -y. List the prime factors of h.
19
Let u be (80/15)/(2/3). Suppose -1432 - 10152 = -u*x. List the prime factors of x.
2, 181
Let a(s) = -606*s - 4. Let z = -89 - -88. What are the prime factors of a(z)?
2, 7, 43
Let n(s) = s**2 + 20*s + 53. Suppose -3*t - 2*j = 90, 0 = 5*t - 3*j + 64 + 86. List the prime factors of n(t).
353
Suppose -4*s - 62 - 94 = 0. Suppose 2*f + 2*h - 136 = 0, 5*f + h = -2*h + 334. Let o = f - s. List the prime factors of o.
2, 13
Let z(k) = 54*k. Suppose 12 = -27*c + 29*c. Let h be z(c). List the prime factors of ((-4)/6)/((-8)/h).
3
Let a(m) = -591*m**3 - m. Let l be a(-1). Let p(g) = -2*g**3 - 42*g**2 + 36*g - 69. Let t be p(-22). Suppose 0 = 5*i + t - l. What are the prime factors of i?
97
Suppose -2*n = b - 137, -4*n = -4*b + 35 - 279. Let l = -52 + n. Let z = 13 + l. What are the prime factors of z?
3
Let b be 0/(5/(15/9) - 1). What are the prime factors of (-2 - b) + 191 + -15 + 13?
11, 17
Suppose 2*g = -0*g + m - 1503, -4 = 4*m. Let q = g - -1084. List the prime factors of q.
2, 83
Let l = -37 - -25. Let n(z) = -11*z**2 - 19*z + 17. Let p(y) = 5*y**2 + 9*y - 9. Let x(u) = 4*n(u) + 9*p(u). List the prime factors of x(l).
71
Suppose -25*i = -13*i + 105600. List the prime factors of 1/(7/(-3)) - i/35.
251
Suppose 0 = 2*t + 5*c - 31287, 16553 = 2*t - 2*c - 14755. List the prime factors of t.
3, 37, 47
List the prime factors of (12/(-2))/((-206)/1105911).
3, 1193
Suppose -42*k + 31*k + 572 = 0. Let r = 233 + k. What are the prime factors of r?
3, 5, 19
Suppose 206 = -h + 3*j + 1295, 0 = -h + 2*j + 1084. Let x = h - 496. What are the prime factors of x?
2, 17
Let x(g) = g**3 - 4*g**2 - 3*g - 3. Let t be x(4). Let y be 12/t - (-1429)/5. Suppose -5*w - y = -2*c, -4*c + w + 289 = -2*c. List the prime factors of c.
5, 29
Let w be 3 + -93 + 10/5. Let g = w - -94. What are the prime factors of ((-8)/g)/(-1 + 248/264)?
2, 11
Let u = -24663 - -34823. List the prime factors of u.
2, 5, 127
Suppose p - 4*p = j - 67, -4*j + 313 = 3*p. Suppose -j = -t + 124. What are the prime factors of t?
2, 103
Suppose 0 = 26*k - 30*k - 8. Let r be 3/k*((-105)/9 + 3). Suppose 2*q - 2 = 0, -4*t = -4*q - 23 - r. What are the prime factors of t?
2, 5
Suppose -2*r - 2*x = -0*x - 10, 0 = -5*r - 3*x + 19. Suppose -2*b = -r*h - 178, 7*h + 3 = 4*h. Let f = b - 42. What are the prime factors of f?
2, 23
Suppose -664*s - 10734 = -666*s. What are the prime factors of s?
3, 1789
Let z(k) = 446*k - 830. What are the prime factors of z(26)?
2, 7, 769
Let c be (-1 + -2 + 4)*-11. Let b = -5 - c. What are the prime factors of 7/((-21)/b) + 89?
3, 29
Let d = -25 + 24. Let t be d/(-2*1/480). Suppose -19 = -3*w - 5*r + 221, t = 3*w - 3*r. What are the prime factors of w?
2, 5
Let x(a) be the first derivative of -3*a**2/2 - 33*a - 3. Let z be (49 + -25)*2/(-3). List the prime factors of x(z).
3, 5
What are the prime factors of ((7/7 - 32) + 2)/(-1)*523?
29, 523
Let r(g) = 6*g - 42. Let m be r(7). Let n(h) = -h - 478 + 483 + m*h. What are the prime factors of n(-5)?
2, 5
Suppose 17*s - 6391 - 3095 = 0. Suppose 2*w = 5*h - 3530, 3*h - s = -w + 1549. What are the prime factors of h?
2, 11
Suppose -5*d - 29 = -2*k, 2*k - 24 = 8*d - 4*d. Suppose 3*m - y - 2177 = 0, -k*m + 480 = -4*y - 958. List the prime factors of m.
727
Suppose -6*k - 22650 = 19*k. Let a = -138 - k. What are the prime factors of a?
2, 3
Let b = -3 + 3. Let p(n) = -45 - n**3 - 45 + 197 - n**2 - 4*n + 101. List the prime factors of p(b).
2, 13
Let h(x) = -7*x**3 - 158*x**2 + 59*x - 34. What are the prime factors of h(-28)?
2, 13, 23, 47
Let k(o) = 23*o - 64. Let i(d) = -d. Let x(z) = -4*i(z) + k(z). List the prime factors of x(9).
179
Let x(m) = m**3 - m**2 + m + 5. Let z be x(0). Suppose -z*q - f - 37 = -0*f, 3*q - f + 27 = 0. Let u(h) = -10*h - 27. What are the prime factors of u(q)?
53
Let n(q) = -3*q**3 - 2*q**2 - 2*q - 1. Let g be n(-1). Suppose 0 = -g*z + 6 + 164. Let b = z - 50. What are the prime factors of b?
5, 7
Let d be ((-2)/(-4))/(4/56). Suppose -x + d = -2*g, -g + 11 = 3*x + 3*g. Let o(m) = 9*m + 9. List the prime factors of o(x).
2, 3
Let g(i) = 4*i**3 - 13*i**2 + 14*i + 63. Let x(a) = -7*a**3 + 26*a**2 - 27*a - 126. Let n(y) = -5*g(y) - 3*x(y). List the prime factors of n(13).
2, 103
Let d = -152 + 107. Let r = d + 39. Let q(p) = -7*p + 2. List the prime factors of q(r).
2, 11
Let f = 30462 - 12757. List the prime factors of f.
5, 3541
Suppose -3*z - 2*m - 171 = -0*z, 0 = 3*z - 5*m + 150. Let s = z - -61. Let l(j) = 3*j**2 - 6*j - 16. What are the prime factors of l(s)?
2, 7
Let u = -512 + 171. Let y = 137 - u. List the prime factors of y.
2, 239
Suppose -18*t - 11*t = 7*t - 277164. List the prime factors of t.
7699
Let w(u) = 12*u - 80. Let q be w(7). Suppose x - 275 = -b, 0 = -q*x - 0*x - 20. List the prime factors of b.
2, 5, 7
Let t be 29 - -1 - 0/2. Suppose n = 5*i - t, -4*n = -5*i + 7*i + 32. List the prime factors of 165/22*(-72)/n.
2, 3
Let l(n) = -n**2 - 6*n + 3. Suppose -3*r - 42 = 3*r. Let z be l(r). What are the prime factors of 2/3*(z + 19)?
2, 5
Let d(p) = 43*p - 273. List the prime factors of d(101).
2, 5, 11, 37
Let s = 778 - 535. Suppose s*b = 246*b - 1326. List the prime factors of b.
2, 13, 17
Suppose 0 = 2*y + 7 + 9. Let a(x) = -7*x + 16*x - 12*x - 26 + 27. List the prime factors of a(y).
5
Let j = 225 + -260. List the prime factors of 1 + j/45 - (-15976)/36.
2, 3, 37
Let z(l) = -16*l**2 + 4*l + 89. Let i be z(10). What are the prime factors of (15 - 6)/(-1) - i?
2, 17, 43
Suppose -2271 = -4*f - 4*j + 22753, -31256 = -5*f + 3*j. List the prime factors of f.
13, 37
Let l(i) = i**3 + 6*i**2 - 4*i + 7. Let o = -201 + 111. Let m = o + 94. What are the prime factors of l(m)?
151
Let d be 2/4*(-1 - -1). Suppose 2*i - 5*v - 295 = d, -v - 4*v + 650 = 5*i. Suppose 119 = 2*s - i. What are the prime factors of s?
127
Suppose 0 = 2*y - 2 - 2. Let u be (64/6)/(y/(-6)). Let c = u - -82. What are the prime factors of c?
2, 5
Let d(w) = w**2 + 12*w + 40. Let b be d(-8). Suppose 1485 = b*f + 7*f. List the prime factors of f.
3, 11
List the prime factors of (114/(-38))/((-6)/55198).
11, 13, 193
Suppose -6*p - 7 = -19. Suppose -4*k - p*k = 18. List the prime factors of 1/k - 3/(45/(-2000)).
7, 19
Suppose -52*u + 500 = -47*u. Let h = 73 - u. List the prime factors of ((-24)/(-36))/((-2)/h).
3
Suppose -5*v + 5*m - 18350 = -10*v, 0 = -3*v - 4*m + 11006. Let b = -2621 + v. What are the prime factors of b?
3, 13
Suppose -222*n - 28 = -226*n. Suppose 0 = n*b - 735 + 476. List the prime factors of b.
37
Suppose 12*u = 49179 + 13773. What are the prime factors of u?
2, 43, 61
Suppose 3*t - k = -0*t + 1, -t = k - 3. Let j(y) = -41*y - 2. Let x(n) = -40*n - 2. Let c(d) = -4*j(d) + 3*x(d). What are the prime factors of c(t)?
2, 23
Suppose -5*l - 681 + 16759 = -4027. What are the prime factors of l?
4021
Let s be (-1 + 1/4)/((-2)/72). Suppose s*h - 14*h - 351 = 0. List the prime factors of h.
3
Let b = 6644 - 3553. What are the prime factors of b?
11, 281
Su